7312?
2
What is the tens digit of 1255251?
5
What is the millions digit of 8428219?
8
What is the units digit of 349905?
5
What is the tens digit of 3606?
0
What is the ten thousands digit of 2093065?
9
What is the ten thousands digit of 952642?
5
What is the thousands digit of 348729?
8
What is the hundred thousands digit of 28832599?
8
What is the thousands digit of 15121945?
1
What is the tens digit of 721436?
3
What is the ten thousands digit of 69175?
6
What is the thousands digit of 701362?
1
What is the hundred thousands digit of 1953896?
9
What is the hundreds digit of 5135539?
5
What is the hundreds digit of 44464?
4
What is the hundred thousands digit of 24726752?
7
What is the ten thousands digit of 115000?
1
What is the millions digit of 1259456?
1
What is the tens digit of 117006?
0
What is the units digit of 289439?
9
What is the tens digit of 24533?
3
What is the ten millions digit of 20054129?
2
What is the hundreds digit of 88967?
9
What is the hundreds digit of 2432064?
0
What is the thousands digit of 734631?
4
What is the hundreds digit of 16069643?
6
What is the units digit of 161004?
4
What is the hundreds digit of 432985?
9
What is the hundred thousands digit of 208839?
2
What is the tens digit of 236425?
2
What is the tens digit of 624942?
4
What is the tens digit of 472317?
1
What is the ten thousands digit of 990725?
9
What is the millions digit of 2215005?
2
What is the units digit of 71768?
8
What is the units digit of 1222514?
4
What is the hundred thousands digit of 452321?
4
What is the ten thousands digit of 974840?
7
What is the ten thousands digit of 949933?
4
What is the thousands digit of 11134873?
4
What is the hundred thousands digit of 11182038?
1
What is the tens digit of 889723?
2
What is the hundreds digit of 7408921?
9
What is the tens digit of 2510?
1
What is the units digit of 21605378?
8
What is the ten thousands digit of 10582473?
8
What is the thousands digit of 587790?
7
What is the tens digit of 537397?
9
What is the hundreds digit of 5585053?
0
What is the thousands digit of 1126392?
6
What is the hundred thousands digit of 15045885?
0
What is the hundreds digit of 249548?
5
What is the tens digit of 3865479?
7
What is the hundred thousands digit of 7690421?
6
What is the hundred thousands digit of 3130727?
1
What is the millions digit of 20500109?
0
What is the tens digit of 159652?
5
What is the units digit of 3125306?
6
What is the units digit of 6456385?
5
What is the hundreds digit of 466748?
7
What is the hundred thousands digit of 980285?
9
What is the ten thousands digit of 275183?
7
What is the thousands digit of 471181?
1
What is the ten thousands digit of 13341276?
4
What is the units digit of 912630?
0
What is the units digit of 2957394?
4
What is the ten thousands digit of 895608?
9
What is the hundred thousands digit of 218161?
2
What is the tens digit of 4170557?
5
What is the units digit of 616730?
0
What is the tens digit of 388950?
5
What is the ten thousands digit of 1543722?
4
What is the units digit of 3350518?
8
What is the units digit of 788718?
8
What is the hundred thousands digit of 5164591?
1
What is the thousands digit of 829949?
9
What is the ten thousands digit of 163810?
6
What is the hundreds digit of 19763960?
9
What is the hundreds digit of 1052004?
0
What is the tens digit of 82389?
8
What is the thousands digit of 9604475?
4
What is the hundreds digit of 21895172?
1
What is the hundreds digit of 21957378?
3
What is the thousands digit of 4093958?
3
What is the hundreds digit of 439039?
0
What is the ten thousands digit of 896147?
9
What is the ten thousands digit of 2894451?
9
What is the hundreds digit of 1109857?
8
What is the ten thousands digit of 17150965?
5
What is the tens digit of 9112615?
1
What is the ten thousands digit of 867472?
6
What is the hundreds digit of 127384?
3
What is the thousands digit of 665193?
5
What is the tens digit of 29746748?
4
What is the hundred thousands digit of 1093400?
0
What is the hundred thousands digit of 8881516?
8
What is the hundreds digit of 108445?
4
What is the hundreds digit of 250150?
1
What is the thousands digit of 2051464?
1
What is the millions digit of 10125162?
0
What is the ten thousands digit of 50084?
5
What is the hundred thousands digit of 542567?
5
What is the ten thousands digit of 1257514?
5
What is the hundred thousands digit of 2922896?
9
What is the units digit of 675663?
3
What is the thousands digit of 375817?
5
What is the units digit of 17886242?
2
What is the ten thousands digit of 986151?
8
What is the thousands digit of 173337?
3
What is the thousands digit of 1299425?
9
What is the hundred thousands digit of 2084706?
0
What is the thousands digit of 232633?
2
What is the thousands digit of 150893?
0
What is the hundreds digit of 385202?
2
What is the units digit of 14676164?
4
What is the units digit of 232919?
9
What is the tens digit of 168284?
8
What is the ten thousands digit of 1039911?
3
What is the tens digit of 19516377?
7
What is the ten thousands digit of 1604856?
0
What is the tens digit of 246164?
6
What is the tens digit of 11945088?
8
What is the thousands digit of 1058218?
8
What is the units digit of 924510?
0
What is the hundred thousands digit of 509052?
5
What is the hundreds digit of 229642?
6
What is the thousands digit of 313347?
3
What is the tens digit of 14701705?
0
What is the tens digit of 406881?
8
What is the thousands digit of 260248?
0
What is the ten thousands digit of 86988?
8
What is the thousands digit of 5256462?
6
What is the hundreds digit of 4325615?
6
What is the thousands digit of 4102071?
2
What is the tens digit of 372333?
3
What is the hundreds digit of 7267063?
0
What is the millions digit of 2465553?
2
What is the tens digit of 149967?
6
What is the hundreds digit of 454822?
8
What is the units digit of 271298?
8
What is the hundred thousands digit of 692085?
6
What is the tens digit of 377592?
9
What is the ten thousands digit of 576478?
7
What is the hundred thousands digit of 462666?
4
What is the millions digit of 5796027?
5
What is the ten thousands digit of 335336?
3
What is the millions digit of 1746853?
1
What is the tens digit of 208486?
8
What is the thousands digit of 2826485?
6
What is the hundreds digit of 651848?
8
What is the millions digit of 3405731?
3
What is the units digit of 998536?
6
What is the ten thousands digit of 3100087?
0
What is the tens digit of 14302888?
8
What is the ten thousands digit of 231581?
3
What is the hundreds digit of 30682162?
1
What is the thousands digit of 2334049?
4
What is the ten thousands digit of 684815?
8
What is the hundreds digit of 43347?
3
What is the ten thousands digit of 1122436?
2
What is the thousands digit of 3354761?
4
What is the hundreds digit of 512783?
7
What is the ten thousands digit of 1281011?
8
What is the units digit of 998358?
8
What is the hundreds digit of 33357699?
6
What is the millions digit of 6910563?
6
What is the hundreds digit of 1211747?
7
What is the hundreds digit of 3905831?
8
What is the millions digit of 22899266?
2
What is the tens digit of 72571?
7
What is the ten thousands digit of 4996332?
9
What is the thousands digit of 6144968?
4
What is the tens digit of 14512494?
9
What is the hundred thousands digit of 594575?
5
What is the units digit of 401567?
7
What is the tens digit of 133132?
3
What is the hundreds digit of 2315871?
8
What is the ten millions digit of 11257838?
1
What is the hundreds digit of 5833148?
1
What is the millions digit of 5371224?
5
What is the thousands digit of 311977?
1
What is the ten millions digit of 25916831?
2
What is the units digit of 3397219?
9
What is the hundred thousands digit of 866262?
8
What is the thousands digit of 2641298?
1
What is the millions digit of 2093997?
2
What is the ten thousands digit of 180565?
8
What is the ten millions digit of 15228507?
1
What is the ten thousands digit of 3443364?
4
What is the tens digit of 96459?
5
What is the units digit of 242783?
3
What is the tens digit of 8318934?
3
What is the units digit of 4333519?
9
What is the ten thousands digit of 63236?
6
What is the tens digit of 1776391?
9
What is the units digit of 368166?
6
What is the hundreds digit of 246789?
